 l. Is 7 + (-4)/i*2 composite?
True
Suppose 0 = -99*h + 98*h + 337. Is h a prime number?
True
Let h = -5799 - -32942. Is h prime?
True
Let o(a) = 12*a - 57. Let t be o(4). Let y(n) = -388*n + 7. Is y(t) a composite number?
False
Suppose 1409 + 17635 = 2*f - 5*n, 0 = -4*f + 3*n + 38102. Is f composite?
True
Suppose -4*c = 5*m - 58, 4*m + c + 59 = 8*m. Is (-79)/(-2)*(-4 + m) + -2 composite?
True
Let l = 2542 - -11565. Is l composite?
False
Let d(a) = -3121 + 0*a + 21*a + 3155. Is d(13) a composite number?
False
Suppose 3*r = 4*w + 892, -2*r + 604 = -2*w + 4*w. Suppose 585 = 5*b - r. Is b composite?
True
Let k be (-2 - 66/(-4))*6. Let m = 466 + k. Is m prime?
False
Let t(u) = -467*u + 315. Is t(-20) prime?
False
Let o = 84994 - 30955. Is o a prime number?
False
Suppose 95*z - 99*z = -14060. Suppose -15*y + 20*y - z = 0. Is y composite?
True
Let x(n) = -14*n**3 + 9*n**2 - 35*n + 69. Is x(-14) prime?
True
Let z(t) = -t**3 + 6*t**2 + t + 5. Let v be z(6). Let k be (v - 6) + (-2 - -1). Suppose -777 + 305 = -k*d. Is d prime?
False
Let h be (4/2 - 6)*11/(-22). Suppose -h*s - 10440 = -4*c + 3*s, -4*s = -5*c + 13041. Is c a composite number?
True
Suppose -3 = k + 4*s + 19, 2*s + 26 = -3*k. Let q be (-2)/(4/k)*-1. Is (0 + -777)*1/q a composite number?
True
Let x(s) = -2*s - 2*s + 3*s + 6. Let j be x(9). Is 1 + (147 - (j + 6)) prime?
False
Let g(c) = -45 + 92 + 10*c + 42*c - 15*c. Is g(14) prime?
False
Suppose 0 = -d - 3 + 19. Suppose -d = 3*l - 8*l - b, 5*b + 7 = 4*l. Suppose o + 3*o = 4*f + 684, -485 = -l*o - 4*f. Is o prime?
True
Suppose 23*g = 45563 - 10258. Is g a composite number?
True
Let w(h) = h**2 - 8*h - 9. Let z be w(9). Suppose -2*n - 6 = -z*n. Is (-342)/n + (-2)/2 composite?
False
Suppose -28 = -5*d + 157. Suppose -5*v = -f + 29, 4*v - 3*v = 5*f - 25. Suppose d = -3*p + f*p. Is p a prime number?
True
Let g(v) = 150*v**2 + v. Let i be 2*4/(-8) - -20. Suppose -i*r = -21*r - 2. Is g(r) a prime number?
True
Suppose -6*l - 1135 + 8101 = 0. Let r = l + 86. Is r a prime number?
False
Suppose 0 = 4*n - 26 + 10. Suppose 0*i - 16 = 4*i, n*s + 4*i - 1156 = 0. Is s prime?
True
Let n(b) = -b**3 + 23*b**2 + 29*b - 36. Is n(23) a composite number?
False
Suppose j - 4 = -6. Is (-716)/j*26/52 composite?
False
Let y(o) = 262*o - 8. Let k be y(-3). Let x = -383 - k. Is x a prime number?
False
Let y be (-3)/6 - (-226)/4. Let i(q) = 3*q + 1. Let x be i(-1). Is 12168/y + x/7 composite?
True
Let x be 1 + (-1 - 1 - 75/(-15)). Let q(m) = -11*m**3 + m**2 + m + 1. Let g be q(2). Is (-2 - g)/(4/x) composite?
False
Let y(o) = -56*o - 37. Is y(-11) a composite number?
True
Let d = 3518 - -13683. Is d a prime number?
False
Is -7174*5/30*-3 prime?
False
Suppose 4*p - 1614 = 3*a + 2362, -4*p = -5*a - 3984. Is p a composite number?
False
Let f(u) = 2*u - 4. Let c be f(-4). Let m be 10/(-60) + 118/c. Is (-1447)/(-5) + 4/m a composite number?
True
Suppose 5*z - 417 = -x, 2*z = -2*z - 2*x + 336. Let l = -18 + z. Suppose 3*m + 9 = -f + l, -2*m + 43 = -5*f. Is m prime?
True
Let y(t) = -t**2 + 127. Let i be y(0). Suppose -i = -3*s + 434. Is s a prime number?
False
Suppose -l + 18 = 4*w, -4*l = 3*w - 0*w - 33. Suppose -3*h + l = -5*h, j - 5*h = -526. Let b = -276 - j. Is b prime?
False
Let z(b) = 2*b**2 + 18*b - 23. Let a be z(-26). Let x = a + -520. Is x a prime number?
False
Let o be 7/(-7)*(0 + 0). Suppose 0 = -o*b + 5*b - 9695. Is b prime?
False
Let a = 27 + 4. Let x(k) = -23 - 130*k - a*k - 9 + 7. Is x(-10) a composite number?
True
Suppose -85 = -6*m + 11*m. Let j = m + 22. Suppose 0 = -u + 1, 2*o - j*o + 1174 = u. Is o prime?
False
Let n(i) = 2*i**2 - 20*i + 25. Suppose -6*v = -v - 65. Is n(v) composite?
False
Suppose 0 = -168*j + 171*j - 417. Is j composite?
False
Let h = -5235 + 11966. Is h composite?
True
Suppose 2*a - 300 = 208. Let v = -2 + 5. Suppose -a = n - v*n. Is n a composite number?
False
Suppose 4*h = 5*o + 17658 + 18478, 4*h = 2*o + 36124. Is h a prime number?
True
Let p be 13/5 + (-6)/10. Suppose 4634 = p*v - 5*n, -3*v - v + 9268 = 4*n. Is v prime?
False
Let a = 7840 - 761. Is a a prime number?
True
Is (1471/4)/((-42)/(-1176)) a prime number?
False
Let r = -1468 - -3161. Is r a composite number?
False
Let s(c) = -2*c + 5. Let u be s(-4). Suppose 0 = 4*q + u - 5. Is (-256)/(-2) - q/(-2) a composite number?
False
Let n = 146 - 1760. Is 2 - (1 + -6 + n) a prime number?
True
Let u(z) = -9*z**3 + 6*z**2 - 11*z - 4. Let g be u(-6). Suppose -15*s + 26*s - g = 0. Is s prime?
False
Let c(a) = 4*a - 16. Let l be c(8). Suppose -4*b - 4 = l, 2960 = 5*f - 5*b. Is f a prime number?
True
Let t = -8 + 11. Suppose -2*l = -7*l - t*n + 45, -l + 31 = 5*n. Suppose l*d - 4*d = 66. Is d prime?
False
Let s = -706 - -336. Is ((-35)/25)/(2/s) a prime number?
False
Is (3 - -3) + 0 - 25061/(-1) a prime number?
False
Let o(u) = 8*u + 23. Suppose -171 = -11*k - 28. Is o(k) a prime number?
True
Let j be (-4)/(-12) + 74/3. Let r = j + -35. Let f(u) = u**2 + 6*u - 3. Is f(r) prime?
True
Suppose -l = 4*s - 6, 3*l + 2*s - 4 = 2*l. Suppose 620 - 152 = l*u. Is (-5040)/(-26) + 36/u composite?
True
Let v(d) = -9*d. Let r be v(2). Let t = r - -20. Suppose -4*g - 506 = -t*s, s = 4*s + 3*g - 750. Is s a prime number?
True
Suppose -5*b + 1470 = -5*r, -1460 = -5*b - 6*r + r. Suppose -48 = -16*l - 0. Suppose b = 4*a + 3*t, -5*a - 2*t = l*t - 360. Is a prime?
False
Suppose -d + 2*d - 4 = 0. Suppose 4*v + d*n + n - 7435 = 0, -2*v + 3713 = n. Suppose 0 = 2*s + 3*s - v. Is s composite?
True
Let o = 14 + -12. Let d be o/(-2)*634/2. Let v = d - -574. Is v a composite number?
False
Suppose 3*z + 103 + 95 = 0. Suppose 0 = 2*b + 2*o - 66, 3*b - 88 + 9 = 2*o. Let s = b - z. Is s a composite number?
True
Is 94969*(-13)/(-91)*5 prime?
False
Let x be 1/7 - 34/(-7). Let n = 5 - x. Suppose n = j + 29 - 292. Is j composite?
False
Let b be (7/3)/((-1)/(-3)). Let f be 32/(-10)*(2 - b). Is 3/12 + 6892/f a composite number?
False
Suppose -8*i - 10971 = -4*h - 7*i, 0 = 4*h + i - 10973. Is h composite?
True
Suppose 18849 = 6*n - 12333. Is n a prime number?
True
Suppose 0 = 4*r + 5*d - 2061, 0*r - d = -4*r + 2079. Is r a composite number?
True
Suppose -2*n + 3*n = 5*x, 0 = -3*n + x. Suppose 0 = -n*u + 4*u - 5372. Is u a composite number?
True
Let a(l) = 3*l**3 + 5*l**2 + 11*l - 979. Let r(x) = 2*x**3 + 3*x**2 + 5*x - 490. Let t(c) = -3*a(c) + 5*r(c). Is t(0) a prime number?
True
Let x = 62 + -51. Suppose 0*w + 3311 = x*w. Is w a prime number?
False
Let v(c) = -c**3 + 15*c**2 + 20*c + 17. Is v(-10) a prime number?
False
Suppose 0 = 26*y - 28*y + 12618. Suppose 4*h - y = -5*h. Is h a prime number?
True
Let j(a) = a**3 - 9*a**2 - 7*a - 24. Let o be j(10). Suppose d - o = -d, -4*d = -t + 386. Let x = -187 + t. Is x composite?
False
Suppose 0*n = -3*n - 42. Let y be 12/(-4) - -5*(-2)/2. Let x = y - n. Is x a prime number?
False
Let l(r) be the second derivative of 0 + 2/3*r**3 + 2*r + 7/2*r**2. Is l(6) composite?
False
Suppose 5*d = -2*z + 24 - 8, -2*d + 13 = 3*z. Let v(f) = 40*f**2 - 3*f + 3. Is v(d) a prime number?
True
Suppose 3*g + 382 = 4*g. Is g a prime number?
False
Let n(y) = y**2 - 7*y - 6. Let m be n(8). Suppose 4*l = -z - 548, m*l = -3*l - 4*z - 696. Let c = 201 + l. Is c a prime number?
False
Let t(m) = m**3 - 16*m**2 + 9*m. Let u be t(12). Let p be (2/(-4))/(3/u). Is 49518/p - 2/(-13) composite?
True
Suppose s - 3 = 0, 12*j - 158537 = 8*j + s. Is j prime?
False
Suppose 4*p - 8*p + 16 = 0, 5*p - 26 = -3*y. Suppose y = 3*k - 10. Let g = k - -105. Is g prime?
True
Suppose -5*s + 26085 = -5*f, -2*s - 5*f + 5241 = -s. Is s a composite number?
True
Let h be 10/25 + 8/5. Suppose h*f + 0 = 8. Is 18 - (4*-1)/f prime?
True
Let u = 16 - 11. Suppose -4*s + s = 5*t - 37, 2*t - 21 = 5*s. Suppose -j = 4*y - 177, -u*y + 931 = 5*j - t*y. Is j prime?
False
Suppose 3*r - l - 48822 = 0, 0 = -5*r + 16*l - 15*l + 81368. Is r a prime number?
True
Suppose 0 = 3*q - 5*y - 8, -4*q + 3*y = -0*q - 18. Suppose 15 = -s + q*s. Is (-2968)/(-21) + (-1)/s prime?
False
Is (10/(-6) + 1)/((-34)/71553) composite?
True
Suppose 5*p - 5*k = -124 - 1, -5*k - 105 = 5*p. Let h = 10 - p. Is h a composite number?
True
Is (-3431)/(-2) + (-10)/20 + 2 composite?
True
Let u be 15646/(-10) - 0 - 4/10. Let j = -370 - u. Is j a prime number?
False
Let g(h) be the seco